*m - 2740. Calculate the remainder when v is divided by 181.
3
Let q = 363 + -213. Let g(c) = -8*c**2 - 3*c**3 + 6*c**3 - 4*c + 6 + 4*c**2 - 4*c**3. What is the remainder when q is divided by g(-5)?
48
Let d(r) = 3*r**3 + 5*r**2 - 9*r + 4. Let x be d(2). Suppose -231*m + 233*m = x. Let w = 16 - -13. What is the remainder when w is divided by m?
14
Let u(f) = -833*f + 5895. Calculate the remainder when 336 is divided by u(7).
16
Calculate the remainder when (-6)/72*4*9 + 238 + 6 is divided by 51.
37
Suppose i + 2*i = 9. Suppose -v = -i*p - 2 + 8, -4 = -5*v - 2*p. Suppose 3*l + 6 = 0, v = -o + 4*l + l + 125. What is the remainder when o is divided by 20?
15
Let x(s) = 59*s + 17. Let f be x(5). Let r = -258 + f. Let q(i) = i**2 + 30. Calculate the remainder when r is divided by q(0).
24
Let h(z) be the second derivative of -35*z**3/6 - 93*z**2/2 - 3*z - 10. What is the remainder when 48 is divided by h(-4)?
1
Let n(o) = o + 1416. Calculate the remainder when n(-21) is divided by 140.
135
Let r(v) = -v**2 + 18*v - 19. Let p(m) = m**2 - 35*m - 303. What is the remainder when p(-9) is divided by r(14)?
19
Suppose 2*h = 10, 50 = 5*o - 0*o + 5*h. Let s(j) = -51*j + 264. What is the remainder when s(o) is divided by -2*(-2)/(-6)*-3?
1
Suppose 158 = 2*b + 19*o - 21*o, -2*b = o - 155. What is the remainder when 416 is divided by b?
26
Let x(g) = 3*g**3 - 2*g**2 + 1. Let c be x(-1). Let z be (-7)/((-14)/72)*2/c. Calculate the remainder when 29 is divided by ((z/(-10))/3)/((-3)/(-30)).
5
Suppose 848*g + 105246 = 902*g. What is the remainder when g is divided by 405?
329
Let f(g) = -15*g**2 + 9*g**2 - 44 - g**3 - 9*g**2 + 11*g - 7. What is the remainder when f(-16) is divided by 15?
14
Let o = 35253 + -32650. What is the remainder when o is divided by 75?
53
Let j(o) = -139*o**3 + 3*o**2 - 2*o - 9. Calculate the remainder when j(-2) is divided by 33.
30
Suppose -45*s + 26*s = -8569. What is the remainder when s is divided by 21?
10
Let p = 567 - 540. Suppose -6*o + p*o = 441. What is the remainder when 127 is divided by o?
1
Let b = -12662 - -12709. Let h(k) = k**3 + 5*k**2 - 8*k - 8. Calculate the remainder when b is divided by h(-6).
3
Let i(c) = c + 12. Let a be i(-9). Calculate the remainder when (-49)/(-98)*4/2 is divided by (a - (-57)/(-18))*-6.
0
Suppose -1773 - 2811 = -4*b. Suppose 24*t + b = 30*t. Calculate the remainder when t is divided by 8.
7
Suppose -5*j + 7*i - 9*i = -1590, -4*j + 1272 = 4*i. Let u = j - 85. Calculate the remainder when u is divided by 47.
45
Let p(w) = -w**3 - 19*w**2 + 61*w + 99. Calculate the remainder when p(-26) is divided by 9.
5
Let h be ((-1)/3)/((-13)/546). Calculate the remainder when 229 is divided by (1 + 31/(-2))*(-16 + h).
26
Let x(j) = 95*j**2 + j - 3. Let o(u) = 284*u**2 + 4*u - 9. Let b(t) = 3*o(t) - 8*x(t). Let f = -35 - -36. Calculate the remainder when b(f) is divided by 16.
13
Let g(i) = i**3 + 7*i**2 + 7*i + 4. Let w be g(-4). Let z = w - 2. Let u(a) = a**2 + 120*a + 1637. What is the remainder when u(-15) is divided by z?
18
Let g(m) = 4*m**2 + 19*m + 13. Let d be g(-7). Let y = d + -74. Calculate the remainder when 3/y*(-24)/(-3) is divided by 7.
5
Let s = 15081 - 15051. What is the remainder when 1647 is divided by s?
27
Let g(h) = h**3 - 36*h**2 + 174*h + 89. What is the remainder when g(31) is divided by 175?
153
What is the remainder when 48/3 - -357 - 8 is divided by 174?
17
Let n = 65 - 63. Let y(r) = r + 0*r + n*r + r - 14. What is the remainder when y(10) is divided by 14?
12
Suppose -3*m + 253 = -4*m - d, m - 5*d = -271. Let x = 267 + m. Calculate the remainder when 149 is divided by x.
6
Let a = -746 + 706. What is the remainder when 110 is divided by 4*a/(-24)*3?
10
Suppose -5*q - 75 = -20*q. Suppose 0 = -q*l + 10, 4*l - 159 = -9*z + 8*z. What is the remainder when z is divided by 20?
11
Let n(r) = r**2 - 7*r + 3. Let j be n(7). Suppose 18*b - 27*b = -108. Calculate the remainder when (j - 45/21)*21 is divided by b.
6
Let o = -177 - -463. What is the remainder when o is divided by ((-24)/(-5))/((-112)/(-390) - (-22)/(-143))?
34
Let f be ((-128)/96)/(1/291). Let p = f - -449. What is the remainder when 86 is divided by p?
25
Calculate the remainder when (15 - -251) + (-2 - 2) - -7 is divided by 25.
19
Suppose 5*k - w = 7235, 0 = 5*k - 5*w - 0*w - 7235. Calculate the remainder when k is divided by 359.
11
Suppose -2*b + 18 = 5*l - 42, -12 = -3*l. What is the remainder when 213 is divided by b?
13
Calculate the remainder when 780 is divided by 45 + -6 - (-5 - -15).
26
Suppose 0 = -11*v + 12 + 10. Suppose -6*d + 120 = v*d. What is the remainder when 44 is divided by d?
14
Suppose 0 = -104*j - 54*j - 903 + 21917. What is the remainder when j is divided by 36?
25
Let t be 7/1*60/105. Suppose t*j - 351 = -35. Calculate the remainder when j is divided by 25.
4
Let o = -210 - -215. What is the remainder when 75 is divided by (6 - 1) + o/(-5) - -15?
18
Let f(b) = -3*b**2 + 120*b + 728. Let w = 28 - 15. What is the remainder when f(45) is divided by w?
1
Let g(u) = 148*u + 543. Calculate the remainder when g(-2) is divided by 115.
17
Suppose 4*t - 7 + 67 = 0. Calculate the remainder when (t/4 - -1)/(3/(-72)) is divided by 18.
12
Suppose -120*b = -115*b - 70. Suppose b*o - 4*l - 37 = 13*o, -26 = -3*o - 5*l. Let x(i) = 6*i - 7. What is the remainder when x(6) is divided by o?
12
Let r(g) = g**3 - 18*g**2 + 8*g - 104. Calculate the remainder when 153 is divided by r(18).
33
Suppose -3*a - k + 405 = -1077, -4*a - k + 1975 = 0. Calculate the remainder when a is divided by 241.
11
Let t = 569 - 524. Suppose 0 = -t*r + 42*r + 204. What is the remainder when 268 is divided by r?
64
Let w(l) = -l**2 - 7*l + 10. Let j be w(-8). Let t = -234 - -245. What is the remainder when t is divided by (1/j)/((-2)/(-20))?
1
Let k be ((-8)/(-2))/((20/4145)/1). Let b = 1636 - k. Calculate the remainder when b is divided by 54.
51
Suppose -2*b + 35 + 343 = 0. Suppose -16*x = -611 + 3. What is the remainder when b is divided by x?
37
Let n = 266 + -141. Suppose -6 = -5*o + 4. Suppose 0 = 3*q + 4*m - n, 2*m = -o*q + 6*m + 110. What is the remainder when q is divided by 10?
7
Let j = 12695 - 12632. What is the remainder when 2330 is divided by j?
62
Let p = 1 + 2. Calculate the remainder when 5/((-60)/(-36)) + 9 is divided by p.
0
Let k be 2/(2 + 8/(-3)). Let i be (-10)/(-3)*(-270)/(-150). What is the remainder when 47 is divided by (15 - -1) + i/k?
5
Calculate the remainder when (((-6)/(-3))/(-8*(-7)/20188))/1 is divided by 67.
51
Suppose 40*f - 48*f + 16 = 0. Let w(l) = l**3 + 2*l**2 - l - 5. What is the remainder when 52 is divided by w(f)?
7
Suppose -7*y + 1288 = -1617 + 903. Calculate the remainder when y is divided by 58.
54
Let o = -8 - 6. Let v be 4/o + (-600)/105. What is the remainder when 17 is divided by (-2)/v + (-352)/(-33)?
6
Suppose -4*k + 2 + 2 = 0. Suppose 3*a + 6*d - 24 = 3*d, -26 = -3*a - 2*d. Calculate the remainder when 74 is divided by (85/a + k)*4.
36
Let b(p) = -10*p**3 + 71*p**2 + 2*p + 22. What is the remainder when 1326 is divided by b(6)?
36
Suppose 30 = 2*g - 0*n + 4*n, -3*n = -g. Suppose -t = -1 - g. Suppose -j - 5*m + t = 3*j, -10 = 5*m. Calculate the remainder when 17 is divided by j.
2
Let i be (-9)/(-15) + (-1444)/(-10). Suppose 3*g = 2*q - i, -4*q - g = 4*g - 323. Suppose -w - 23 + q = 0. Calculate the remainder when w is divided by 21.
12
Let p be -14 + 1 + (-2 - -1 - -3). Let r be (-24)/p - 9/((-198)/(-4)). Calculate the remainder when 3/r*((-122)/(-3) + 8) is divided by 19.
16
Let p(w) = -w**3 + 14*w**2 - 15*w + 26. Let l be p(13). Let r be l/2 + 3 - (-4 - 1). Suppose -2*t + r*t - 216 = 0. What is the remainder when t is divided by 8?
4
What is the remainder when 158 is divided by -3 - (-10 - -16)/6 - -28?
14
Let b be (-4 - (-8 + -5))*1/3. Suppose -5*l + 3*s - 288 = -l, -b*l + 5*s = 205. Let y = l - -112. What is the remainder when y is divided by 3?
1
Suppose -4 = -2*w - 3*g - 16, -4*w = -5*g + 68. Suppose 241 = 5*l + 56. Calculate the remainder when l is divided by 16 + (-4)/((-16)/w).
11
Suppose 2972 = 2*w - 5*m, -2*w + 2964 = -25*m + 24*m. What is the remainder when w is divided by 53?
50
Suppose 3*u = -w + 4, -3*w + u - 14 = -66. Suppose n - 4*n + 213 = 0. Suppose n = o + 5*h, -3*h